{"id":313,"date":"2021-01-09T15:43:19","date_gmt":"2021-01-09T13:43:19","guid":{"rendered":"http:\/\/kktcgolffederasyonu.org\/?page_id=313"},"modified":"2021-01-16T08:50:15","modified_gmt":"2021-01-16T06:50:15","slug":"belgeler","status":"publish","type":"page","link":"https:\/\/kktcgolffederasyonu.org\/index.php\/belgeler\/","title":{"rendered":"Belgeler"},"content":{"rendered":"\n<p><strong>Yasa \/ T\u00fcz\u00fck \/ Y\u00f6netmelik Forumlar\u0131:<\/strong><\/p>\n\n\n\n<p>1- KKTC Golf Federasyonu T\u00fcz\u00fc\u011f\u00fc i\u00e7in <a href=\"http:\/\/kktcgolffederasyonu.org\/images\/belgeler\/KKTC_Golf_Federasyonu_Tuzuk_SON.pdf\"><strong>t\u0131klay\u0131n\u0131z<\/strong><\/a>.<\/p>\n\n\n\n<p>2- Beden E\u011fitimi ve Spor Yasas\u0131 2011 i\u00e7in <a href=\"http:\/\/kktcgolffederasyonu.org\/images\/belgeler\/Beden%20Egitimi%20ve%20Spor%20Yasasi%202011.pdf\"><strong>t\u0131klay\u0131n\u0131z<\/strong><\/a>.<\/p>\n\n\n\n<p>3- KKTC Golf Federasyonu &#8211; Golf Yar\u0131\u015fma Y\u00f6netmeli\u011fi&nbsp;&nbsp;i\u00e7in&nbsp;<a href=\"http:\/\/kktcgolffederasyonu.org\/images\/belgeler\/KKTC%20Golf%20Federasyonu-%20Golf%20Yarisma%20Yonetmeligi.pdf\"><strong>t\u0131klay\u0131n\u0131z<\/strong><\/a>.<\/p>\n\n\n\n<p>4-&nbsp;KKTC Golf Federasyonu &#8211; Lisans Y\u00f6netmeli\u011fi&nbsp;&nbsp;i\u00e7in&nbsp;<a href=\"http:\/\/kktcgolffederasyonu.org\/images\/belgeler\/KKTC%20Golf%20Federasyonu-lisans%20yonetmeligi.pdf\"><strong>t\u0131klay\u0131n\u0131z<\/strong><\/a>.<\/p>\n\n\n\n<hr class=\"wp-block-separator is-style-wide\"\/>\n\n\n\n<p><strong>Kay\u0131t Forumlar\u0131:<\/strong><\/p>\n\n\n\n<p>1- Kul\u00fcp Tescil Formu i\u00e7in <a href=\"http:\/\/kktcgolffederasyonu.org\/images\/belgeler\/Kulup%20Tescil%20Formu%202013.doc\"><strong>t\u0131klay\u0131n\u0131z<\/strong><\/a>.<\/p>\n\n\n\n<p>2- Lisans Formu i\u00e7in <a href=\"http:\/\/kktcgolffederasyonu.org\/images\/belgeler\/LISANS%20FORMU%202013.doc\"><strong>t\u0131klay\u0131n\u0131z<\/strong><\/a>.<\/p>\n\n\n\n<hr class=\"wp-block-separator is-style-wide\"\/>\n\n\n\n<p><strong>Lig Bilgileri:<\/strong><\/p>\n\n\n\n<p>1- Ferdi Golf Ligi ile ilgili bilgiler i\u00e7in&nbsp;<a href=\"http:\/\/kktcgolffederasyonu.org\/images\/belgeler\/FERDI%20GOLF%20LIGI.doc\"><strong>t\u0131klay\u0131n\u0131z<\/strong><\/a>.<\/p>\n\n\n\n<p>2- Kul\u00fcb&nbsp;Golf Ligi ile ilgili bilgiler i\u00e7in&nbsp;<a href=\"http:\/\/kktcgolffederasyonu.org\/images\/belgeler\/KULUP%20GOLF%20LIGI.doc\"><strong>t\u0131klay\u0131n\u0131z<\/strong><\/a>.<\/p>\n\n\n\n<hr class=\"wp-block-separator is-style-wide\"\/>\n","protected":false},"excerpt":{"rendered":"<p>Yasa \/ T\u00fcz\u00fck \/ Y\u00f6netmelik Forumlar\u0131: 1- KKTC Golf Federasyonu T\u00fcz\u00fc\u011f\u00fc i\u00e7in t\u0131klay\u0131n\u0131z. 2- Beden E\u011fitimi ve Spor Yasas\u0131 2011 i\u00e7in t\u0131klay\u0131n\u0131z. 3- KKTC Golf Federasyonu &#8211; Golf Yar\u0131\u015fma Y\u00f6netmeli\u011fi&nbsp;&nbsp;i\u00e7in&nbsp;t\u0131klay\u0131n\u0131z. 4-&nbsp;KKTC Golf Federasyonu &#8211; Lisans Y\u00f6netmeli\u011fi&nbsp;&nbsp;i\u00e7in&nbsp;t\u0131klay\u0131n\u0131z. Kay\u0131t Forumlar\u0131: 1- Kul\u00fcp Tescil Formu i\u00e7in t\u0131klay\u0131n\u0131z. 2- Lisans Formu i\u00e7in t\u0131klay\u0131n\u0131z. Lig Bilgileri: 1- Ferdi Golf Ligi&hellip;&nbsp;<a href=\"https:\/\/kktcgolffederasyonu.org\/index.php\/belgeler\/\" class=\"\" rel=\"bookmark\">Daha fazlas\u0131n\u0131 oku &raquo;<span class=\"screen-reader-text\">Belgeler<\/span><\/a><\/p>\n","protected":false},"author":1,"featured_media":0,"parent":0,"menu_order":0,"comment_status":"closed","ping_status":"closed","template":"","meta":{"neve_meta_sidebar":"full-width","neve_meta_container":"","neve_meta_enable_content_width":"on","neve_meta_content_width":100,"neve_meta_title_alignment":"","neve_meta_author_avatar":"","neve_post_elements_order":"","neve_meta_disable_header":"","neve_meta_disable_footer":"","neve_meta_disable_title":"","_ti_tpc_template_sync":false,"_ti_tpc_template_id":""},"yoast_head":"<!-- This site is optimized with the Yoast SEO plugin v20.1 - https:\/\/yoast.com\/wordpress\/plugins\/seo\/ -->\n<title>Belgeler - KKTC Golf Federasyonu<\/title>\n<meta name=\"robots\" content=\"index, follow, max-snippet:-1, max-image-preview:large, max-video-preview:-1\" \/>\n<link rel=\"canonical\" href=\"https:\/\/kktcgolffederasyonu.org\/index.php\/belgeler\/\" \/>\n<meta property=\"og:locale\" content=\"tr_TR\" \/>\n<meta property=\"og:type\" content=\"article\" \/>\n<meta property=\"og:title\" content=\"Belgeler - KKTC Golf Federasyonu\" \/>\n<meta property=\"og:description\" content=\"Yasa \/ T\u00fcz\u00fck \/ Y\u00f6netmelik Forumlar\u0131: 1- KKTC Golf Federasyonu T\u00fcz\u00fc\u011f\u00fc i\u00e7in t\u0131klay\u0131n\u0131z. 2- Beden E\u011fitimi ve Spor Yasas\u0131 2011 i\u00e7in t\u0131klay\u0131n\u0131z. 3- KKTC Golf Federasyonu &#8211; Golf Yar\u0131\u015fma Y\u00f6netmeli\u011fi&nbsp;&nbsp;i\u00e7in&nbsp;t\u0131klay\u0131n\u0131z. 4-&nbsp;KKTC Golf Federasyonu &#8211; Lisans Y\u00f6netmeli\u011fi&nbsp;&nbsp;i\u00e7in&nbsp;t\u0131klay\u0131n\u0131z. Kay\u0131t Forumlar\u0131: 1- Kul\u00fcp Tescil Formu i\u00e7in t\u0131klay\u0131n\u0131z. 2- Lisans Formu i\u00e7in t\u0131klay\u0131n\u0131z. Lig Bilgileri: 1- Ferdi Golf Ligi&hellip;&nbsp;Daha fazlas\u0131n\u0131 oku &raquo;Belgeler\" \/>\n<meta property=\"og:url\" content=\"https:\/\/kktcgolffederasyonu.org\/index.php\/belgeler\/\" \/>\n<meta property=\"og:site_name\" content=\"KKTC Golf Federasyonu\" \/>\n<meta property=\"article:publisher\" content=\"https:\/\/www.facebook.com\/NorthCyprusGolf\/\" \/>\n<meta property=\"article:modified_time\" content=\"2021-01-16T06:50:15+00:00\" \/>\n<meta name=\"twitter:card\" content=\"summary_large_image\" \/>\n<meta name=\"twitter:label1\" content=\"Tahmini okuma s\u00fcresi\" \/>\n\t<meta name=\"twitter:data1\" content=\"1 dakika\" \/>\n<script type=\"application\/ld+json\" class=\"yoast-schema-graph\">{\"@context\":\"https:\/\/schema.org\",\"@graph\":[{\"@type\":\"WebPage\",\"@id\":\"https:\/\/kktcgolffederasyonu.org\/index.php\/belgeler\/\",\"url\":\"https:\/\/kktcgolffederasyonu.org\/index.php\/belgeler\/\",\"name\":\"Belgeler - KKTC Golf Federasyonu\",\"isPartOf\":{\"@id\":\"https:\/\/kktcgolffederasyonu.org\/#website\"},\"datePublished\":\"2021-01-09T13:43:19+00:00\",\"dateModified\":\"2021-01-16T06:50:15+00:00\",\"breadcrumb\":{\"@id\":\"https:\/\/kktcgolffederasyonu.org\/index.php\/belgeler\/#breadcrumb\"},\"inLanguage\":\"tr\",\"potentialAction\":[{\"@type\":\"ReadAction\",\"target\":[\"https:\/\/kktcgolffederasyonu.org\/index.php\/belgeler\/\"]}]},{\"@type\":\"BreadcrumbList\",\"@id\":\"https:\/\/kktcgolffederasyonu.org\/index.php\/belgeler\/#breadcrumb\",\"itemListElement\":[{\"@type\":\"ListItem\",\"position\":1,\"name\":\"Home\",\"item\":\"https:\/\/kktcgolffederasyonu.org\/\"},{\"@type\":\"ListItem\",\"position\":2,\"name\":\"Belgeler\"}]},{\"@type\":\"WebSite\",\"@id\":\"https:\/\/kktcgolffederasyonu.org\/#website\",\"url\":\"https:\/\/kktcgolffederasyonu.org\/\",\"name\":\"KKTC Golf Federasyonu\",\"description\":\"\",\"publisher\":{\"@id\":\"https:\/\/kktcgolffederasyonu.org\/#organization\"},\"potentialAction\":[{\"@type\":\"SearchAction\",\"target\":{\"@type\":\"EntryPoint\",\"urlTemplate\":\"https:\/\/kktcgolffederasyonu.org\/?s={search_term_string}\"},\"query-input\":\"required name=search_term_string\"}],\"inLanguage\":\"tr\"},{\"@type\":\"Organization\",\"@id\":\"https:\/\/kktcgolffederasyonu.org\/#organization\",\"name\":\"KKTC Golf Federasyonu\",\"url\":\"https:\/\/kktcgolffederasyonu.org\/\",\"logo\":{\"@type\":\"ImageObject\",\"inLanguage\":\"tr\",\"@id\":\"https:\/\/kktcgolffederasyonu.org\/#\/schema\/logo\/image\/\",\"url\":\"http:\/\/kktcgolffederasyonu.org\/wp-content\/uploads\/2021\/01\/KKTCGolfFed_Logo_Transparent.png\",\"contentUrl\":\"http:\/\/kktcgolffederasyonu.org\/wp-content\/uploads\/2021\/01\/KKTCGolfFed_Logo_Transparent.png\",\"width\":1180,\"height\":1052,\"caption\":\"KKTC Golf Federasyonu\"},\"image\":{\"@id\":\"https:\/\/kktcgolffederasyonu.org\/#\/schema\/logo\/image\/\"},\"sameAs\":[\"https:\/\/www.facebook.com\/NorthCyprusGolf\/\"]}]}<\/script>\n<!-- \/ Yoast SEO plugin. -->","yoast_head_json":{"title":"Belgeler - KKTC Golf Federasyonu","robots":{"index":"index","follow":"follow","max-snippet":"max-snippet:-1","max-image-preview":"max-image-preview:large","max-video-preview":"max-video-preview:-1"},"canonical":"https:\/\/kktcgolffederasyonu.org\/index.php\/belgeler\/","og_locale":"tr_TR","og_type":"article","og_title":"Belgeler - KKTC Golf Federasyonu","og_description":"Yasa \/ T\u00fcz\u00fck \/ Y\u00f6netmelik Forumlar\u0131: 1- KKTC Golf Federasyonu T\u00fcz\u00fc\u011f\u00fc i\u00e7in t\u0131klay\u0131n\u0131z. 2- Beden E\u011fitimi ve Spor Yasas\u0131 2011 i\u00e7in t\u0131klay\u0131n\u0131z. 3- KKTC Golf Federasyonu &#8211; Golf Yar\u0131\u015fma Y\u00f6netmeli\u011fi&nbsp;&nbsp;i\u00e7in&nbsp;t\u0131klay\u0131n\u0131z. 4-&nbsp;KKTC Golf Federasyonu &#8211; Lisans Y\u00f6netmeli\u011fi&nbsp;&nbsp;i\u00e7in&nbsp;t\u0131klay\u0131n\u0131z. Kay\u0131t Forumlar\u0131: 1- Kul\u00fcp Tescil Formu i\u00e7in t\u0131klay\u0131n\u0131z. 2- Lisans Formu i\u00e7in t\u0131klay\u0131n\u0131z. Lig Bilgileri: 1- Ferdi Golf Ligi&hellip;&nbsp;Daha fazlas\u0131n\u0131 oku &raquo;Belgeler","og_url":"https:\/\/kktcgolffederasyonu.org\/index.php\/belgeler\/","og_site_name":"KKTC Golf Federasyonu","article_publisher":"https:\/\/www.facebook.com\/NorthCyprusGolf\/","article_modified_time":"2021-01-16T06:50:15+00:00","twitter_card":"summary_large_image","twitter_misc":{"Tahmini okuma s\u00fcresi":"1 dakika"},"schema":{"@context":"https:\/\/schema.org","@graph":[{"@type":"WebPage","@id":"https:\/\/kktcgolffederasyonu.org\/index.php\/belgeler\/","url":"https:\/\/kktcgolffederasyonu.org\/index.php\/belgeler\/","name":"Belgeler - KKTC Golf Federasyonu","isPartOf":{"@id":"https:\/\/kktcgolffederasyonu.org\/#website"},"datePublished":"2021-01-09T13:43:19+00:00","dateModified":"2021-01-16T06:50:15+00:00","breadcrumb":{"@id":"https:\/\/kktcgolffederasyonu.org\/index.php\/belgeler\/#breadcrumb"},"inLanguage":"tr","potentialAction":[{"@type":"ReadAction","target":["https:\/\/kktcgolffederasyonu.org\/index.php\/belgeler\/"]}]},{"@type":"BreadcrumbList","@id":"https:\/\/kktcgolffederasyonu.org\/index.php\/belgeler\/#breadcrumb","itemListElement":[{"@type":"ListItem","position":1,"name":"Home","item":"https:\/\/kktcgolffederasyonu.org\/"},{"@type":"ListItem","position":2,"name":"Belgeler"}]},{"@type":"WebSite","@id":"https:\/\/kktcgolffederasyonu.org\/#website","url":"https:\/\/kktcgolffederasyonu.org\/","name":"KKTC Golf Federasyonu","description":"","publisher":{"@id":"https:\/\/kktcgolffederasyonu.org\/#organization"},"potentialAction":[{"@type":"SearchAction","target":{"@type":"EntryPoint","urlTemplate":"https:\/\/kktcgolffederasyonu.org\/?s={search_term_string}"},"query-input":"required name=search_term_string"}],"inLanguage":"tr"},{"@type":"Organization","@id":"https:\/\/kktcgolffederasyonu.org\/#organization","name":"KKTC Golf Federasyonu","url":"https:\/\/kktcgolffederasyonu.org\/","logo":{"@type":"ImageObject","inLanguage":"tr","@id":"https:\/\/kktcgolffederasyonu.org\/#\/schema\/logo\/image\/","url":"http:\/\/kktcgolffederasyonu.org\/wp-content\/uploads\/2021\/01\/KKTCGolfFed_Logo_Transparent.png","contentUrl":"http:\/\/kktcgolffederasyonu.org\/wp-content\/uploads\/2021\/01\/KKTCGolfFed_Logo_Transparent.png","width":1180,"height":1052,"caption":"KKTC Golf Federasyonu"},"image":{"@id":"https:\/\/kktcgolffederasyonu.org\/#\/schema\/logo\/image\/"},"sameAs":["https:\/\/www.facebook.com\/NorthCyprusGolf\/"]}]}},"_links":{"self":[{"href":"https:\/\/kktcgolffederasyonu.org\/index.php\/wp-json\/wp\/v2\/pages\/313"}],"collection":[{"href":"https:\/\/kktcgolffederasyonu.org\/index.php\/wp-json\/wp\/v2\/pages"}],"about":[{"href":"https:\/\/kktcgolffederasyonu.org\/index.php\/wp-json\/wp\/v2\/types\/page"}],"author":[{"embeddable":true,"href":"https:\/\/kktcgolffederasyonu.org\/index.php\/wp-json\/wp\/v2\/users\/1"}],"replies":[{"embeddable":true,"href":"https:\/\/kktcgolffederasyonu.org\/index.php\/wp-json\/wp\/v2\/comments?post=313"}],"version-history":[{"count":6,"href":"https:\/\/kktcgolffederasyonu.org\/index.php\/wp-json\/wp\/v2\/pages\/313\/revisions"}],"predecessor-version":[{"id":426,"href":"https:\/\/kktcgolffederasyonu.org\/index.php\/wp-json\/wp\/v2\/pages\/313\/revisions\/426"}],"wp:attachment":[{"href":"https:\/\/kktcgolffederasyonu.org\/index.php\/wp-json\/wp\/v2\/media?parent=313"}],"curies":[{"name":"wp","href":"https:\/\/api.w.org\/{rel}","templated":true}]}}